 the remainder when 1243 is divided by 58?
25
Calculate the remainder when 738 is divided by 152.
130
What is the remainder when 4922 is divided by 58?
50
Calculate the remainder when 58568 is divided by 2438.
56
What is the remainder when 11087 is divided by 3688?
23
What is the remainder when 366507 is divided by 4?
3
What is the remainder when 422 is divided by 8?
6
What is the remainder when 3070 is divided by 406?
228
Calculate the remainder when 67284 is divided by 272.
100
What is the remainder when 3258 is divided by 644?
38
What is the remainder when 141727 is divided by 8?
7
Calculate the remainder when 1237 is divided by 701.
536
Calculate the remainder when 105746 is divided by 303.
302
What is the remainder when 12322 is divided by 247?
219
What is the remainder when 23967 is divided by 11?
9
What is the remainder when 5831 is divided by 18?
17
What is the remainder when 3753 is divided by 609?
99
What is the remainder when 3315 is divided by 466?
53
Calculate the remainder when 79364 is divided by 407.
406
Calculate the remainder when 1685 is divided by 414.
29
Calculate the remainder when 378 is divided by 34.
4
What is the remainder when 2113 is divided by 696?
25
What is the remainder when 455706 is divided by 13808?
42
What is the remainder when 26584 is divided by 65?
64
What is the remainder when 733 is divided by 595?
138
Calculate the remainder when 969467 is divided by 224.
219
What is the remainder when 338 is divided by 68?
66
Calculate the remainder when 3268 is divided by 104.
44
Calculate the remainder when 15100 is divided by 72.
52
What is the remainder when 76415 is divided by 7?
3
What is the remainder when 31288 is divided by 826?
726
What is the remainder when 245 is divided by 65?
50
Calculate the remainder when 7862 is divided by 3549.
764
Calculate the remainder when 4300 is divided by 71.
40
Calculate the remainder when 8594 is divided by 1030.
354
Calculate the remainder when 12270 is divided by 435.
90
What is the remainder when 280111 is divided by 7?
6
Calculate the remainder when 2502 is divided by 11.
5
Calculate the remainder when 4124 is divided by 887.
576
What is the remainder when 49755 is divided by 1310?
1285
What is the remainder when 49297 is divided by 137?
114
Calculate the remainder when 7047 is divided by 261.
0
What is the remainder when 29821 is divided by 77?
22
Calculate the remainder when 41459 is divided by 415.
374
What is the remainder when 249236 is divided by 41538?
8
Calculate the remainder when 94791 is divided by 70.
11
What is the remainder when 17710 is divided by 172?
166
Calculate the remainder when 91919 is divided by 155.
4
What is the remainder when 9362717 is divided by 32?
29
Calculate the remainder when 26343 is divided by 13149.
45
What is the remainder when 386708 is divided by 106?
20
What is the remainder when 23309 is divided by 4652?
49
What is the remainder when 506250 is divided by 33?
30
Calculate the remainder when 998 is divided by 116.
70
Calculate the remainder when 332 is divided by 284.
48
Calculate the remainder when 4967 is divided by 57.
8
Calculate the remainder when 290341 is divided by 227.
8
Calculate the remainder when 26625 is divided by 1525.
700
Calculate the remainder when 710451 is divided by 1343.
4
What is the remainder when 33234 is divided by 22?
14
What is the remainder when 3553575 is divided by 107?
105
Calculate the remainder when 2639 is divided by 22.
21
Calculate the remainder when 218063 is divided by 1615.
38
Calculate the remainder when 4827 is divided by 151.
146
Calculate the remainder when 358431 is divided by 13.
8
What is the remainder when 131795 is divided by 245?
230
What is the remainder when 179213 is divided by 59730?
23
Calculate the remainder when 12216 is divided by 6005.
206
Calculate the remainder when 320483 is divided by 59.
54
Calculate the remainder when 128347 is divided by 22.
21
Calculate the remainder when 320780 is divided by 66.
20
What is the remainder when 782690 is divided by 1578?
2
Calculate the remainder when 12417 is divided by 25.
17
Calculate the remainder when 4295 is divided by 61.
25
What is the remainder when 353 is divided by 96?
65
Calculate the remainder when 45764 is divided by 73.
66
Calculate the remainder when 42373 is divided by 25.
23
Calculate the remainder when 26402 is divided by 224.
194
What is the remainder when 7720 is divided by 1407?
685
What is the remainder when 3094 is divided by 555?
319
What is the remainder when 10757 is divided by 1554?
1433
What is the remainder when 223495 is divided by 15?
10
Calculate the remainder when 266611 is divided by 66650.
11
Calculate the remainder when 23021 is divided by 164.
61
What is the remainder when 55424 is divided by 433?
0
What is the remainder when 27204 is divided by 5304?
684
Calculate the remainder when 45414 is divided by 272.
262
Calculate the remainder when 63051 is divided by 197.
11
Calculate the remainder when 2777 is divided by 162.
23
What is the remainder when 49472 is divided by 466?
76
What is the remainder when 13629 is divided by 205?
99
Calculate the remainder when 1816 is divided by 1679.
137
What is the remainder when 13320 is divided by 2158?
372
Calculate the remainder when 3240 is divided by 543.
525
Calculate the remainder when 1404 is divided by 690.
24
What is the remainder when 317 is divided by 88?
53
Calculate the remainder when 53868 is divided by 157.
17
Calculate the remainder when 28590 is divided by 16.
14
What is the remainder when 226952 is divided by 354?
38
Calculate the remainder when 1465 is divided by 288.
25
Calculate the remainder when 44679 is divided by 8931.
24
Calculate the remainder when 1815 is divided by 113.
7
Calculate the remainder when 840130 is divided by 15275.
5
Calculate the remainder when 6115 is divided by 248.
163
What is the remainder when 298 is divided by 296?
2
Calculate the remainder when 3311 is divided by 555.
536
Calculate the remainder when 26623 is divided by 41.
14
What is the remainder when 133437 is divided by 311?
18
Calculate the remainder when 6819 is divided by 62.
61
What is the remainder when 4362 is divided by 335?
7
Calculate the remainder when 18916 is divided by 4682.
188
What is the remainder when 12888 is divided by 65?
18
What is the remainder when 433147 is divided by 18?
13
What is the remainder when 1271 is divided by 222?
161
Calculate the remainder when 12943 is divided by 405.
388
What is the remainder when 13343 is divided by 18?
5
What is the remainder when 37103 is divided by 12340?
83
Calculate the remainder when 819 is divided by 332.
155
Calculate the remainder when 33051 is divided by 219.
201
Calculate the remainder when 400946 is divided by 66821.
20
Calculate the remainder when 21127 is divided by 282.
259
Calculate the remainder when 284 is divided by 51.
29
What is the remainder when 5673 is divided by 204?
165
Calculate the remainder when 13686 is divided by 370.
366
Calculate the remainder when 759380 is divided by 597.
593
What is the remainder when 5860 is divided by 3?
1
Calculate the remainder when 14868 is divided by 14867.
1
What is the remainder when 7384 is divided by 7?
6
Calculate the remainder when 67565 is divided by 412.
409
Calculate the remainder when 20852 is divided by 109.
33
What is the remainder when 9530 is divided by 31?
13
Calculate the remainder when 47739 is divided by 86.
9
Calculate the remainder when 45128 is divided by 299.
278
Calculate the remainder when 81468 is divided by 44.
24
What is the remainder when 3391090 is divided by 149?
148
Calculate the remainder when 180552 is divided by 1584.
1560
What is the remainder when 32457 is divided by 32437?
20
Calculate the remainder when 42577 is divided by 21279.
19
What is the remainder when 88739 is divided by 348?
347
What is the remainder when 1247 is divided by 1046?
201
Calculate the remainder when 4955 is divided by 20.
15
Calculate the remainder when 33788 is divided by 1212.
1064
Calculate the remainder when 119703 is divided by 174.
165
Calculate the remainder when 40546 is divided by 32.
2
What is the remainder when 135725 is divided by 3571?
27
What is the remainder when 76104 is divided by 53?
49
Calculate the remainder wh